{"id":1233,"date":"2018-10-07T18:52:38","date_gmt":"2018-10-07T18:52:38","guid":{"rendered":"http:\/\/health.tameolipp.ee\/?post_type=product&#038;p=1233"},"modified":"2026-04-08T00:47:35","modified_gmt":"2026-04-08T00:47:35","slug":"lipumasti-jalandikate","status":"publish","type":"product","link":"https:\/\/tameolipp.ee\/?product=lipumasti-jalandikate","title":{"rendered":"Lipumasti jalakate"},"content":{"rendered":"<p>Lipumasti jalakate on valmistatud tugevast klaasplastist. Katab lipumasti kinnitus konstruktsiooni ja on heaks kaitseks-takistuseks nt mururobotile. Samuti on mugav murniidukiga niita masti \u00fcmbrust, t\u00f5stes jalakatte \u00fcles, j\u00e4\u00e4b masti \u00fcmbrus alati korrektselt niidetuna. Pakume jalandikatet 6- 9 m mastile ja 10 -12 m mastile.<\/p>\n<p>Lipumasti jalakatte alumine diameeter on 36 cm.<\/p>\n<p>Tellides eri v\u00e4rvi (RAL kataloogi alusel) lipumasti, on v\u00f5imalik juurde tellida samas toonis jalakate.<\/p>\n","protected":false},"excerpt":{"rendered":"<p>Lipumasti jalakate on valmistatud tugevast klaasplastist. Katab lipumasti kinnitus konstruktsiooni ja on heaks kaitseks-takistuseks nt mururobotile. Samuti on mugav murniidukiga niita masti \u00fcmbrust, t\u00f5stes jalakatte \u00fcles, j\u00e4\u00e4b masti \u00fcmbrus alati korrektselt niidetuna. Pakume jalandikatet 6- 9 m mastile ja 10 -12 m mastile. Lipumasti jalakatte alumine diameeter on 36 cm. Tellides eri v\u00e4rvi (RAL kataloogi [&hellip;]<\/p>\n","protected":false},"featured_media":1439,"template":"","meta":[],"product_cat":[190],"product_tag":[121],"class_list":{"0":"post-1233","1":"product","2":"type-product","3":"status-publish","4":"has-post-thumbnail","6":"product_cat-lipumasti-tarvikud","7":"product_tag-jalakate","9":"first","10":"instock","11":"taxable","12":"shipping-taxable","13":"purchasable","14":"product-type-variable"},"aioseo_notices":[],"_links":{"self":[{"href":"https:\/\/tameolipp.ee\/index.php?rest_route=\/wp\/v2\/product\/1233","targetHints":{"allow":["GET"]}}],"collection":[{"href":"https:\/\/tameolipp.ee\/index.php?rest_route=\/wp\/v2\/product"}],"about":[{"href":"https:\/\/tameolipp.ee\/index.php?rest_route=\/wp\/v2\/types\/product"}],"wp:featuredmedia":[{"embeddable":true,"href":"https:\/\/tameolipp.ee\/index.php?rest_route=\/wp\/v2\/media\/1439"}],"wp:attachment":[{"href":"https:\/\/tameolipp.ee\/index.php?rest_route=%2Fwp%2Fv2%2Fmedia&parent=1233"}],"wp:term":[{"taxonomy":"product_cat","embeddable":true,"href":"https:\/\/tameolipp.ee\/index.php?rest_route=%2Fwp%2Fv2%2Fproduct_cat&post=1233"},{"taxonomy":"product_tag","embeddable":true,"href":"https:\/\/tameolipp.ee\/index.php?rest_route=%2Fwp%2Fv2%2Fproduct_tag&post=1233"}],"curies":[{"name":"wp","href":"https:\/\/api.w.org\/{rel}","templated":true}]}}