{"id":1283,"date":"2018-10-07T20:09:58","date_gmt":"2018-10-07T20:09:58","guid":{"rendered":"http:\/\/health.tameolipp.ee\/?post_type=product&#038;p=1283"},"modified":"2026-04-17T03:02:12","modified_gmt":"2026-04-17T03:02:12","slug":"tartu-joelipp","status":"publish","type":"product","link":"https:\/\/tameolipp.ee\/?product=tartu-joelipp","title":{"rendered":"Tartu J\u00f5elipp &#8211; 24 x 38 cm"},"content":{"rendered":"<p>Tartu j\u00f5elipp t\u00e4histab Tartut kui vee- ja j\u00f5elinna ning v\u00f5imaldab kohalikel veeliiklejatel r\u00f5hutada oma kuuluvust.<\/p>\n<p>Kasutuskorra j\u00e4rgi heisatakse Tartu j\u00f5elipp eelk\u00f5ige laeval, mis kasutab Tartu linnas asuvat sadamat kodusadamana. Samuti heisatakse j\u00f5elipp linna haldusterritooriumil asuval sadamahoonel v\u00f5i -rajatisel. Tartu j\u00f5elippu v\u00f5ib lisaks heisata laevandusega, Emaj\u00f5ega ja Tartu linnaga seotud s\u00fcndmuste ja t\u00e4htp\u00e4evade puhul ning Tartut k\u00fclastaval laeval.<\/p>\n<p>J\u00f5elipu loomise idee autor on Alar S\u00fc\u00fcden, kujundaja Henry Timusk ning lipu kujundamist n\u00f5ustas ka heraldikaekspert Priit Herodes. Lippu esitleti esimest korda Tartu Emaj\u00f5e festivalil 2012. aasta augustis. Tartlaste seas juba varem s\u00fcmbolina kasutusse v\u00f5etud j\u00f5elipu staatuse kinnitas ametlikult Tartu linnavolikogu 16. oktoobril 2014. aastal, m\u00e4\u00e4rates \u00fchtlasi selle kasutuskorra.<\/p>\n<p>Tartu J\u00f5elipu kastuse kord:<a href=\"http:\/\/info.raad.tartu.ee\/webaktid.nsf\/web\/viited\/VOLM2014101600046\">http:\/\/info.raad.tartu.ee\/webaktid.nsf\/web\/viited\/VOLM2014101600046<\/a><\/p>\n","protected":false},"excerpt":{"rendered":"<p>Tartu j\u00f5elipp t\u00e4histab Tartut kui vee- ja j\u00f5elinna ning v\u00f5imaldab kohalikel veeliiklejatel r\u00f5hutada oma kuuluvust. Kasutuskorra j\u00e4rgi heisatakse Tartu j\u00f5elipp eelk\u00f5ige laeval, mis kasutab Tartu linnas asuvat sadamat kodusadamana. Samuti heisatakse j\u00f5elipp linna haldusterritooriumil asuval sadamahoonel v\u00f5i -rajatisel. Tartu j\u00f5elippu v\u00f5ib lisaks heisata laevandusega, Emaj\u00f5ega ja Tartu linnaga seotud s\u00fcndmuste ja t\u00e4htp\u00e4evade puhul ning Tartut [&hellip;]<\/p>\n","protected":false},"featured_media":1802,"template":"","meta":[],"product_cat":[107,105],"product_tag":[132,123],"class_list":{"0":"post-1283","1":"product","2":"type-product","3":"status-publish","4":"has-post-thumbnail","6":"product_cat-eesti-paadilipp","7":"product_cat-tartu-lipp","8":"product_tag-paadilipp","9":"product_tag-tartu-lipp","11":"first","12":"instock","13":"taxable","14":"shipping-taxable","15":"purchasable","16":"product-type-simple"},"aioseo_notices":[],"_links":{"self":[{"href":"https:\/\/tameolipp.ee\/index.php?rest_route=\/wp\/v2\/product\/1283","targetHints":{"allow":["GET"]}}],"collection":[{"href":"https:\/\/tameolipp.ee\/index.php?rest_route=\/wp\/v2\/product"}],"about":[{"href":"https:\/\/tameolipp.ee\/index.php?rest_route=\/wp\/v2\/types\/product"}],"wp:featuredmedia":[{"embeddable":true,"href":"https:\/\/tameolipp.ee\/index.php?rest_route=\/wp\/v2\/media\/1802"}],"wp:attachment":[{"href":"https:\/\/tameolipp.ee\/index.php?rest_route=%2Fwp%2Fv2%2Fmedia&parent=1283"}],"wp:term":[{"taxonomy":"product_cat","embeddable":true,"href":"https:\/\/tameolipp.ee\/index.php?rest_route=%2Fwp%2Fv2%2Fproduct_cat&post=1283"},{"taxonomy":"product_tag","embeddable":true,"href":"https:\/\/tameolipp.ee\/index.php?rest_route=%2Fwp%2Fv2%2Fproduct_tag&post=1283"}],"curies":[{"name":"wp","href":"https:\/\/api.w.org\/{rel}","templated":true}]}}