{"id":1383,"date":"2018-10-17T17:51:46","date_gmt":"2018-10-17T17:51:46","guid":{"rendered":"http:\/\/health.tameolipp.ee\/?post_type=product&#038;p=1383"},"modified":"2026-04-20T06:38:55","modified_gmt":"2026-04-20T06:38:55","slug":"lipukott","status":"publish","type":"product","link":"https:\/\/tameolipp.ee\/?product=lipukott","title":{"rendered":"Lipukott"},"content":{"rendered":"<p>Lipukott kaitseb teie lippu tolmu ja niiskuse eest\u00a0 ajal, mil te lippu ei kasuta. Lipukotid on valmistatud niiskuskindlast tugevamast nailon kangast. Laos olevate lipukottide v\u00e4rvus v\u00f5ib erineda pildidl oleva tootega.<\/p>\n<p>Koti m\u00f5\u00f5dud:<\/p>\n<ul>\n<li>13 x 150 cm (sobib tavalisele majalipule)<\/li>\n<li>18 x 170 cm (sobib 2-osalisele lipuvardale)<\/li>\n<li><strong>valmistame eritellimusel teile sobivas m\u00f5\u00f5dus lipukotte<\/strong><\/li>\n<\/ul>\n","protected":false},"excerpt":{"rendered":"<p>Lipukott kaitseb teie lippu tolmu ja niiskuse eest\u00a0 ajal, mil te lippu ei kasuta. Lipukotid on valmistatud niiskuskindlast tugevamast nailon kangast. Laos olevate lipukottide v\u00e4rvus v\u00f5ib erineda pildidl oleva tootega. Koti m\u00f5\u00f5dud: 13 x 150 cm (sobib tavalisele majalipule) 18 x 170 cm (sobib 2-osalisele lipuvardale) valmistame eritellimusel teile sobivas m\u00f5\u00f5dus lipukotte<\/p>\n","protected":false},"featured_media":1834,"template":"","meta":[],"product_cat":[54],"product_tag":[110],"class_list":{"0":"post-1383","1":"product","2":"type-product","3":"status-publish","4":"has-post-thumbnail","6":"product_cat-lipu-tarvikud","7":"product_tag-lipukott","9":"first","10":"instock","11":"taxable","12":"shipping-taxable","13":"purchasable","14":"product-type-variable"},"aioseo_notices":[],"_links":{"self":[{"href":"https:\/\/tameolipp.ee\/index.php?rest_route=\/wp\/v2\/product\/1383","targetHints":{"allow":["GET"]}}],"collection":[{"href":"https:\/\/tameolipp.ee\/index.php?rest_route=\/wp\/v2\/product"}],"about":[{"href":"https:\/\/tameolipp.ee\/index.php?rest_route=\/wp\/v2\/types\/product"}],"wp:featuredmedia":[{"embeddable":true,"href":"https:\/\/tameolipp.ee\/index.php?rest_route=\/wp\/v2\/media\/1834"}],"wp:attachment":[{"href":"https:\/\/tameolipp.ee\/index.php?rest_route=%2Fwp%2Fv2%2Fmedia&parent=1383"}],"wp:term":[{"taxonomy":"product_cat","embeddable":true,"href":"https:\/\/tameolipp.ee\/index.php?rest_route=%2Fwp%2Fv2%2Fproduct_cat&post=1383"},{"taxonomy":"product_tag","embeddable":true,"href":"https:\/\/tameolipp.ee\/index.php?rest_route=%2Fwp%2Fv2%2Fproduct_tag&post=1383"}],"curies":[{"name":"wp","href":"https:\/\/api.w.org\/{rel}","templated":true}]}}