{"id":1412,"date":"2018-10-17T20:11:48","date_gmt":"2018-10-17T20:11:48","guid":{"rendered":"http:\/\/health.tameolipp.ee\/?post_type=product&#038;p=1412"},"modified":"2026-04-20T08:15:12","modified_gmt":"2026-04-20T08:15:12","slug":"lips","status":"publish","type":"product","link":"https:\/\/tameolipp.ee\/?product=lips","title":{"rendered":"Lipsud"},"content":{"rendered":"<p>Valmistame lipsud teie soovidele. S\u00fcmboolika tr\u00fckime v\u00f5i tikime lipsu peale. Erinevad kinnituste v\u00f5imalused. K\u00fcsi lisa!<\/p>\n","protected":false},"excerpt":{"rendered":"<p>Erinevad v\u00f5imalused firma v\u00e4rvides v\u00f5i logoga lipsud ja sallid.<\/p>\n","protected":false},"featured_media":1564,"template":"","meta":[],"product_cat":[115,116],"product_tag":[],"class_list":{"0":"post-1412","1":"product","2":"type-product","3":"status-publish","4":"has-post-thumbnail","6":"product_cat-reklaam-tooted","7":"product_cat-tekstiilist-tooted","9":"first","10":"instock","11":"virtual","12":"taxable","13":"product-type-simple"},"aioseo_notices":[],"_links":{"self":[{"href":"https:\/\/tameolipp.ee\/index.php?rest_route=\/wp\/v2\/product\/1412","targetHints":{"allow":["GET"]}}],"collection":[{"href":"https:\/\/tameolipp.ee\/index.php?rest_route=\/wp\/v2\/product"}],"about":[{"href":"https:\/\/tameolipp.ee\/index.php?rest_route=\/wp\/v2\/types\/product"}],"wp:featuredmedia":[{"embeddable":true,"href":"https:\/\/tameolipp.ee\/index.php?rest_route=\/wp\/v2\/media\/1564"}],"wp:attachment":[{"href":"https:\/\/tameolipp.ee\/index.php?rest_route=%2Fwp%2Fv2%2Fmedia&parent=1412"}],"wp:term":[{"taxonomy":"product_cat","embeddable":true,"href":"https:\/\/tameolipp.ee\/index.php?rest_route=%2Fwp%2Fv2%2Fproduct_cat&post=1412"},{"taxonomy":"product_tag","embeddable":true,"href":"https:\/\/tameolipp.ee\/index.php?rest_route=%2Fwp%2Fv2%2Fproduct_tag&post=1412"}],"curies":[{"name":"wp","href":"https:\/\/api.w.org\/{rel}","templated":true}]}}