{"id":1612,"date":"2019-01-24T15:00:15","date_gmt":"2019-01-24T15:00:15","guid":{"rendered":"http:\/\/health.tameolipp.ee\/?post_type=product&#038;p=1612"},"modified":"2026-04-20T08:15:12","modified_gmt":"2026-04-20T08:15:12","slug":"padi","status":"publish","type":"product","link":"https:\/\/tameolipp.ee\/?product=padi","title":{"rendered":"Padi"},"content":{"rendered":"<p>Pildiga v\u00f5i logoga padi on hea kingitus s\u00f5brale, lapsele v\u00f5i koost\u00f6\u00f6partnerile.<\/p>\n<p>Lisaks fotole v\u00f5ite kasutada omal\u00a0 valikul ettev\u00f5tte \/ organisatsiooni logosi, teksti v\u00f5i oma kujundusi. Patju on v\u00f5imalik tellida erinevates m\u00f5\u00f5tudes.<\/p>\n","protected":false},"excerpt":{"rendered":"<p>Pildiga v\u00f5i logoga padi on hea kingitus s\u00f5brale, lapsele v\u00f5i koost\u00f6\u00f6partnerile. Lisaks fotole v\u00f5ite kasutada omal\u00a0 valikul ettev\u00f5tte \/ organisatsiooni logosi, teksti v\u00f5i oma kujundusi. Patju on v\u00f5imalik tellida erinevates m\u00f5\u00f5tudes.<\/p>\n","protected":false},"featured_media":1614,"template":"","meta":[],"product_cat":[115,116],"product_tag":[156,157,136],"class_list":{"0":"post-1612","1":"product","2":"type-product","3":"status-publish","4":"has-post-thumbnail","6":"product_cat-reklaam-tooted","7":"product_cat-tekstiilist-tooted","8":"product_tag-dekoratiivne-padi","9":"product_tag-disainpadi","10":"product_tag-padi","12":"first","13":"instock","14":"taxable","15":"shipping-taxable","16":"product-type-simple"},"aioseo_notices":[],"_links":{"self":[{"href":"https:\/\/tameolipp.ee\/index.php?rest_route=\/wp\/v2\/product\/1612","targetHints":{"allow":["GET"]}}],"collection":[{"href":"https:\/\/tameolipp.ee\/index.php?rest_route=\/wp\/v2\/product"}],"about":[{"href":"https:\/\/tameolipp.ee\/index.php?rest_route=\/wp\/v2\/types\/product"}],"wp:featuredmedia":[{"embeddable":true,"href":"https:\/\/tameolipp.ee\/index.php?rest_route=\/wp\/v2\/media\/1614"}],"wp:attachment":[{"href":"https:\/\/tameolipp.ee\/index.php?rest_route=%2Fwp%2Fv2%2Fmedia&parent=1612"}],"wp:term":[{"taxonomy":"product_cat","embeddable":true,"href":"https:\/\/tameolipp.ee\/index.php?rest_route=%2Fwp%2Fv2%2Fproduct_cat&post=1612"},{"taxonomy":"product_tag","embeddable":true,"href":"https:\/\/tameolipp.ee\/index.php?rest_route=%2Fwp%2Fv2%2Fproduct_tag&post=1612"}],"curies":[{"name":"wp","href":"https:\/\/api.w.org\/{rel}","templated":true}]}}