{"id":1874,"date":"2019-04-02T20:28:53","date_gmt":"2019-04-02T20:28:53","guid":{"rendered":"https:\/\/tameolipp.ee\/?post_type=product&#038;p=1874"},"modified":"2026-04-28T03:18:00","modified_gmt":"2026-04-28T03:18:00","slug":"rannalipud","status":"publish","type":"product","link":"https:\/\/tameolipp.ee\/?product=rannalipud","title":{"rendered":"Rannalipp"},"content":{"rendered":"<p>Ranna- ja surfilipud on silmatorkava kujuga kiiresti \u00fclesseatavad lipud. Konstruktsioonid on kerged ja lihtsalt kokkupandavad.<\/p>\n<p>Rannalipu k\u00f5rgused: 230 , 330, 450 cm<\/p>\n<p>Komplekt koosneb:<\/p>\n<ul>\n<li>kandekott<\/li>\n<li>fiiber varas<\/li>\n<li>alus- valikus: kruvijalg, piik, plaat, ristjalg (sobiv alus tuleb eraldi juurde osta)<\/li>\n<li>\u00f5hemast lipukangast lipp- tellimisel.<\/li>\n<\/ul>\n<p>K\u00fcsige t\u00e4iendavalt erinevate v\u00f5imaluste kohta!<\/p>\n","protected":false},"excerpt":{"rendered":"<p>Ranna- ja surfilipud on silmatorkava kujuga kiiresti \u00fclesseatavad lipud. Konstruktsioonid on kerged ja lihtsalt kokkupandavad. Rannalipu k\u00f5rgused: 230 , 330, 450 cm Komplekt koosneb: kandekott fiiber varas alus- valikus: kruvijalg, piik, plaat, ristjalg (sobiv alus tuleb eraldi juurde osta) \u00f5hemast lipukangast lipp- tellimisel. K\u00fcsige t\u00e4iendavalt erinevate v\u00f5imaluste kohta!<\/p>\n","protected":false},"featured_media":1820,"template":"","meta":[],"product_cat":[176,150],"product_tag":[153,152],"class_list":{"0":"post-1874","1":"product","2":"type-product","3":"status-publish","4":"has-post-thumbnail","6":"product_cat-esitlustarvikud","7":"product_cat-ranna-ja-surfilipud","8":"product_tag-rannalipp","9":"product_tag-surfilpp","11":"first","12":"instock","13":"taxable","14":"shipping-taxable","15":"product-type-simple"},"aioseo_notices":[],"_links":{"self":[{"href":"https:\/\/tameolipp.ee\/index.php?rest_route=\/wp\/v2\/product\/1874","targetHints":{"allow":["GET"]}}],"collection":[{"href":"https:\/\/tameolipp.ee\/index.php?rest_route=\/wp\/v2\/product"}],"about":[{"href":"https:\/\/tameolipp.ee\/index.php?rest_route=\/wp\/v2\/types\/product"}],"wp:featuredmedia":[{"embeddable":true,"href":"https:\/\/tameolipp.ee\/index.php?rest_route=\/wp\/v2\/media\/1820"}],"wp:attachment":[{"href":"https:\/\/tameolipp.ee\/index.php?rest_route=%2Fwp%2Fv2%2Fmedia&parent=1874"}],"wp:term":[{"taxonomy":"product_cat","embeddable":true,"href":"https:\/\/tameolipp.ee\/index.php?rest_route=%2Fwp%2Fv2%2Fproduct_cat&post=1874"},{"taxonomy":"product_tag","embeddable":true,"href":"https:\/\/tameolipp.ee\/index.php?rest_route=%2Fwp%2Fv2%2Fproduct_tag&post=1874"}],"curies":[{"name":"wp","href":"https:\/\/api.w.org\/{rel}","templated":true}]}}