{"id":2283,"date":"2021-01-27T14:32:49","date_gmt":"2021-01-27T14:32:49","guid":{"rendered":"https:\/\/tameolipp.ee\/?post_type=product&#038;p=2283"},"modified":"2026-04-21T02:43:47","modified_gmt":"2026-04-21T02:43:47","slug":"poikpuu-banner-lift","status":"publish","type":"product","link":"https:\/\/tameolipp.ee\/?product=poikpuu-banner-lift","title":{"rendered":"P\u00f5ikpuu Banner Lift"},"content":{"rendered":"<p>Sisemise n\u00f6\u00f6ris\u00fcsteemiga mastidele.<\/p>\n<p>Komplekti kuulub : metallist p\u00f5ikpuus\u00fcsteem, alumiiniumist p\u00f5ikpuu (150 cm), lipuraskus ,3 x plastvits. Lipu vahetuseks tuleb v\u00e4ndaga keerates lipp langetada ja vahetada. Mugav ja t\u00f6\u00f6kindel lahendus.<\/p>\n<p><strong>NB! Antud toodet ei ole v\u00f5imalik tarnida pakiautomaati\u00a0 toote m\u00f5\u00f5tude p\u00e4rast!\u00a0 V\u00f5imalik tarnida AINULT kulleri tarnega v\u00f5i ise kaubale j\u00e4rgi tulles!<\/strong><\/p>\n","protected":false},"excerpt":{"rendered":"<p>Sisemise n\u00f6\u00f6ris\u00fcsteemiga mastidele. Komplekti kuulub : metallist p\u00f5ikpuus\u00fcsteem, alumiiniumist p\u00f5ikpuu (150 cm), lipuraskus ,3 x plastvits. Lipu vahetuseks tuleb v\u00e4ndaga keerates lipp langetada ja vahetada. Mugav ja t\u00f6\u00f6kindel lahendus. NB! Antud toodet ei ole v\u00f5imalik tarnida pakiautomaati\u00a0 toote m\u00f5\u00f5tude p\u00e4rast!\u00a0 V\u00f5imalik tarnida AINULT kulleri tarnega v\u00f5i ise kaubale j\u00e4rgi tulles!<\/p>\n","protected":false},"featured_media":2279,"template":"","meta":[],"product_cat":[190],"product_tag":[177],"class_list":{"0":"post-2283","1":"product","2":"type-product","3":"status-publish","4":"has-post-thumbnail","6":"product_cat-lipumasti-tarvikud","7":"product_tag-lipumasti-tarvikud","9":"first","10":"instock","11":"taxable","12":"shipping-taxable","13":"purchasable","14":"product-type-simple"},"aioseo_notices":[],"_links":{"self":[{"href":"https:\/\/tameolipp.ee\/index.php?rest_route=\/wp\/v2\/product\/2283","targetHints":{"allow":["GET"]}}],"collection":[{"href":"https:\/\/tameolipp.ee\/index.php?rest_route=\/wp\/v2\/product"}],"about":[{"href":"https:\/\/tameolipp.ee\/index.php?rest_route=\/wp\/v2\/types\/product"}],"wp:featuredmedia":[{"embeddable":true,"href":"https:\/\/tameolipp.ee\/index.php?rest_route=\/wp\/v2\/media\/2279"}],"wp:attachment":[{"href":"https:\/\/tameolipp.ee\/index.php?rest_route=%2Fwp%2Fv2%2Fmedia&parent=2283"}],"wp:term":[{"taxonomy":"product_cat","embeddable":true,"href":"https:\/\/tameolipp.ee\/index.php?rest_route=%2Fwp%2Fv2%2Fproduct_cat&post=2283"},{"taxonomy":"product_tag","embeddable":true,"href":"https:\/\/tameolipp.ee\/index.php?rest_route=%2Fwp%2Fv2%2Fproduct_tag&post=2283"}],"curies":[{"name":"wp","href":"https:\/\/api.w.org\/{rel}","templated":true}]}}