{"id":2341,"date":"2021-03-30T14:14:54","date_gmt":"2021-03-30T14:14:54","guid":{"rendered":"https:\/\/tameolipp.ee\/?post_type=product&#038;p=2341"},"modified":"2026-04-08T00:47:36","modified_gmt":"2026-04-08T00:47:36","slug":"lipunoor-2","status":"publish","type":"product","link":"https:\/\/tameolipp.ee\/?product=lipunoor-2","title":{"rendered":"Lipun\u00f6\u00f6r"},"content":{"rendered":"<p>Lipun\u00f6\u00f6r 5,5 mm. Spetsiaalne tugev ja vastupidav pol\u00fcestern\u00f6\u00f6r v\u00e4limise n\u00f6\u00f6ris\u00fcsteemiga lipumastidele. Pakendatud on 2 erinevat pikkust: 16 m (sobib 6-9m mastile) ja 22 m (sobib 10-12m mastile)<\/p>\n","protected":false},"excerpt":{"rendered":"<p>&nbsp;<\/p>\n<p>&nbsp;<\/p>\n","protected":false},"featured_media":2340,"template":"","meta":[],"product_cat":[190],"product_tag":[179,180],"class_list":{"0":"post-2341","1":"product","2":"type-product","3":"status-publish","4":"has-post-thumbnail","6":"product_cat-lipumasti-tarvikud","7":"product_tag-lipunoor","8":"product_tag-liputarvik","10":"first","11":"instock","12":"taxable","13":"shipping-taxable","14":"purchasable","15":"product-type-variable","16":"has-default-attributes"},"aioseo_notices":[],"_links":{"self":[{"href":"https:\/\/tameolipp.ee\/index.php?rest_route=\/wp\/v2\/product\/2341","targetHints":{"allow":["GET"]}}],"collection":[{"href":"https:\/\/tameolipp.ee\/index.php?rest_route=\/wp\/v2\/product"}],"about":[{"href":"https:\/\/tameolipp.ee\/index.php?rest_route=\/wp\/v2\/types\/product"}],"wp:featuredmedia":[{"embeddable":true,"href":"https:\/\/tameolipp.ee\/index.php?rest_route=\/wp\/v2\/media\/2340"}],"wp:attachment":[{"href":"https:\/\/tameolipp.ee\/index.php?rest_route=%2Fwp%2Fv2%2Fmedia&parent=2341"}],"wp:term":[{"taxonomy":"product_cat","embeddable":true,"href":"https:\/\/tameolipp.ee\/index.php?rest_route=%2Fwp%2Fv2%2Fproduct_cat&post=2341"},{"taxonomy":"product_tag","embeddable":true,"href":"https:\/\/tameolipp.ee\/index.php?rest_route=%2Fwp%2Fv2%2Fproduct_tag&post=2341"}],"curies":[{"name":"wp","href":"https:\/\/api.w.org\/{rel}","templated":true}]}}