{"id":2513,"date":"2022-03-09T14:47:14","date_gmt":"2022-03-09T14:47:14","guid":{"rendered":"https:\/\/tameolipp.ee\/?post_type=product&#038;p=2513"},"modified":"2026-04-17T00:34:48","modified_gmt":"2026-04-17T00:34:48","slug":"ukraina-lipp-vimpel-pael-autolipp","status":"publish","type":"product","link":"https:\/\/tameolipp.ee\/?product=ukraina-lipp-vimpel-pael-autolipp","title":{"rendered":"Ukraina lipp, vimpel, pael, autolipp"},"content":{"rendered":"<p>Valmistame Ukraina s\u00fcmboolikaga lippe, vimpleid, k\u00e4silippe, autolippe, rinnapaelu.<\/p>\n<p>Laos erinevas m\u00f5\u00f5dus lippe! Saada p\u00e4ring!<\/p>\n<p>&nbsp;<\/p>\n","protected":false},"excerpt":{"rendered":"<p>Valmistame Ukraina s\u00fcmboolikaga lippe, vimpleid, k\u00e4silippe, autolippe, rinnapaelu. Laos erinevas m\u00f5\u00f5dus lippe! Saada p\u00e4ring! &nbsp;<\/p>\n","protected":false},"featured_media":2508,"template":"","meta":[],"product_cat":[182],"product_tag":[183],"class_list":{"0":"post-2513","1":"product","2":"type-product","3":"status-publish","4":"has-post-thumbnail","6":"product_cat-ukraina-lipud-paelad","7":"product_tag-ukraina-lipp","9":"first","10":"instock","11":"taxable","12":"shipping-taxable","13":"product-type-simple"},"aioseo_notices":[],"_links":{"self":[{"href":"https:\/\/tameolipp.ee\/index.php?rest_route=\/wp\/v2\/product\/2513","targetHints":{"allow":["GET"]}}],"collection":[{"href":"https:\/\/tameolipp.ee\/index.php?rest_route=\/wp\/v2\/product"}],"about":[{"href":"https:\/\/tameolipp.ee\/index.php?rest_route=\/wp\/v2\/types\/product"}],"wp:featuredmedia":[{"embeddable":true,"href":"https:\/\/tameolipp.ee\/index.php?rest_route=\/wp\/v2\/media\/2508"}],"wp:attachment":[{"href":"https:\/\/tameolipp.ee\/index.php?rest_route=%2Fwp%2Fv2%2Fmedia&parent=2513"}],"wp:term":[{"taxonomy":"product_cat","embeddable":true,"href":"https:\/\/tameolipp.ee\/index.php?rest_route=%2Fwp%2Fv2%2Fproduct_cat&post=2513"},{"taxonomy":"product_tag","embeddable":true,"href":"https:\/\/tameolipp.ee\/index.php?rest_route=%2Fwp%2Fv2%2Fproduct_tag&post=2513"}],"curies":[{"name":"wp","href":"https:\/\/api.w.org\/{rel}","templated":true}]}}